{"id":3377,"date":"2017-09-28T15:58:44","date_gmt":"2017-09-28T15:58:44","guid":{"rendered":"http:\/\/jellywp.com\/theme\/mawiss\/demo\/?page_id=3377"},"modified":"2023-06-27T07:23:00","modified_gmt":"2023-06-27T11:23:00","slug":"pagina-de-inicio","status":"publish","type":"page","link":"https:\/\/agendaparaguay.com\/v2\/","title":{"rendered":""},"content":{"rendered":"\r\n<!-- Error, \u00a1el anuncio no est\u00e1 disponible en este momento debido a restricciones de programaci\u00f3n\/geolocalizaci\u00f3n! -->\r\n<h4 class=\"wp-block-heading\">Agenda Paraguay TV<\/h4>\r\n<div class=\"epyt-gallery\" data-currpage=\"1\" id=\"epyt_gallery_22982\"><div class=\"epyt-video-wrapper\"><iframe loading=\"lazy\"  id=\"_ytid_65111\"  width=\"800\" height=\"446\"  data-origwidth=\"800\" data-origheight=\"446\" src=\"https:\/\/www.youtube.com\/embed\/A8aA61FptbU?enablejsapi=1&autoplay=0&cc_load_policy=0&cc_lang_pref=&iv_load_policy=1&loop=0&rel=1&fs=1&playsinline=0&autohide=2&theme=dark&color=red&controls=1&disablekb=0&\" class=\"__youtube_prefs__  no-lazyload\" title=\"YouTube player\"  data-epytgalleryid=\"epyt_gallery_22982\"  allow=\"fullscreen; accelerometer; autoplay; clipboard-write; encrypted-media; gyroscope; picture-in-picture; web-share\" referrerpolicy=\"strict-origin-when-cross-origin\" allowfullscreen data-no-lazy=\"1\" data-skipgform_ajax_framebjll=\"\"><\/iframe><\/div><div class=\"epyt-gallery-subscribe\"><a target=\"_blank\" class=\"epyt-gallery-subbutton\" href=\"https:\/\/www.youtube.com\/channel\/UCDfFwFujocLQRjzG8jJY65g?sub_confirmation=1\"><img decoding=\"async\" alt=\"subscribe\" src=\"https:\/\/agendaparaguay.com\/v2\/wp-content\/plugins\/youtube-embed-plus\/images\/play-subscribe.png\" \/>Suscribete a mi Canal<\/a><\/div><div class=\"epyt-gallery-list\"><div class=\"epyt-pagination epyt-hide-pagination\"><div tabindex=\"0\" role=\"button\" class=\"epyt-pagebutton epyt-prev  hide \" data-playlistid=\"UUDfFwFujocLQRjzG8jJY65g\" data-pagesize=\"3\" data-pagetoken=\"\" data-epcolumns=\"3\" data-showtitle=\"1\" data-showpaging=\"0\" data-autonext=\"0\" data-thumbplay=\"1\"><div class=\"epyt-arrow\">&laquo;<\/div> <div>Prev<\/div><\/div><div class=\"epyt-pagenumbers \"><div class=\"epyt-current\">1<\/div><div class=\"epyt-pageseparator\"> \/ <\/div><div class=\"epyt-totalpages\">434<\/div><\/div><div tabindex=\"0\" role=\"button\" class=\"epyt-pagebutton epyt-next\" data-playlistid=\"UUDfFwFujocLQRjzG8jJY65g\" data-pagesize=\"3\" data-pagetoken=\"EAAaHlBUOkNBTWlFRVpHUlRBeU56VTNRamMwTkRjNU16VQ\" data-epcolumns=\"3\" data-showtitle=\"1\" data-showpaging=\"0\" data-autonext=\"0\" data-thumbplay=\"1\"><div>Next<\/div> <div class=\"epyt-arrow\">&raquo;<\/div><\/div><div class=\"epyt-loader\"><img loading=\"lazy\" decoding=\"async\" alt=\"loading\" width=\"16\" height=\"11\" src=\"https:\/\/agendaparaguay.com\/v2\/wp-content\/plugins\/youtube-embed-plus\/images\/gallery-page-loader.gif\"><\/div><\/div><div class=\"epyt-gallery-allthumbs  epyt-cols-3 \"><div tabindex=\"0\" role=\"button\" data-videoid=\"A8aA61FptbU\" class=\"epyt-gallery-thumb\"><div class=\"epyt-gallery-img-box\"><div class=\"epyt-gallery-img\" style=\"background-image: url(https:\/\/i.ytimg.com\/vi\/A8aA61FptbU\/hqdefault.jpg)\"><div class=\"epyt-gallery-playhover\"><img loading=\"lazy\" decoding=\"async\" alt=\"play\" class=\"epyt-play-img\" width=\"30\" height=\"23\" src=\"https:\/\/agendaparaguay.com\/v2\/wp-content\/plugins\/youtube-embed-plus\/images\/playhover.png\" data-no-lazy=\"1\" data-skipgform_ajax_framebjll=\"\" \/><div class=\"epyt-gallery-playcrutch\"><\/div><\/div><\/div><\/div><div class=\"epyt-gallery-title\">CASO CHAQUE\u00d1ITO: &quot;YA NO HABLAMOS DE VIVIENDAS, SINO DE DELITOS CONTRA MENORES&quot;<\/div><\/div><div tabindex=\"0\" role=\"button\" data-videoid=\"TDYa0-4S0bg\" class=\"epyt-gallery-thumb\"><div class=\"epyt-gallery-img-box\"><div class=\"epyt-gallery-img\" style=\"background-image: url(https:\/\/i.ytimg.com\/vi\/TDYa0-4S0bg\/hqdefault.jpg)\"><div class=\"epyt-gallery-playhover\"><img loading=\"lazy\" decoding=\"async\" alt=\"play\" class=\"epyt-play-img\" width=\"30\" height=\"23\" src=\"https:\/\/agendaparaguay.com\/v2\/wp-content\/plugins\/youtube-embed-plus\/images\/playhover.png\" data-no-lazy=\"1\" data-skipgform_ajax_framebjll=\"\" \/><div class=\"epyt-gallery-playcrutch\"><\/div><\/div><\/div><\/div><div class=\"epyt-gallery-title\">&quot;ES UN\u00c1NIME QUE LOS COLEGAS LE PERDIERON LA PACIENCIA&quot;<\/div><\/div><div tabindex=\"0\" role=\"button\" data-videoid=\"nGAfNXO36mQ\" class=\"epyt-gallery-thumb\"><div class=\"epyt-gallery-img-box\"><div class=\"epyt-gallery-img\" style=\"background-image: url(https:\/\/i.ytimg.com\/vi\/nGAfNXO36mQ\/hqdefault.jpg)\"><div class=\"epyt-gallery-playhover\"><img loading=\"lazy\" decoding=\"async\" alt=\"play\" class=\"epyt-play-img\" width=\"30\" height=\"23\" src=\"https:\/\/agendaparaguay.com\/v2\/wp-content\/plugins\/youtube-embed-plus\/images\/playhover.png\" data-no-lazy=\"1\" data-skipgform_ajax_framebjll=\"\" \/><div class=\"epyt-gallery-playcrutch\"><\/div><\/div><\/div><\/div><div class=\"epyt-gallery-title\">Anoche Javier Vera escribi\u00f3 en el grupo de WhatsApp anunciando su intenci\u00f3n de renunciar<\/div><\/div><div class=\"epyt-gallery-rowbreak\"><\/div><div class=\"epyt-gallery-clear\"><\/div><\/div><div class=\"epyt-pagination epyt-hide-pagination\"><div tabindex=\"0\" role=\"button\" class=\"epyt-pagebutton epyt-prev  hide \" data-playlistid=\"UUDfFwFujocLQRjzG8jJY65g\" data-pagesize=\"3\" data-pagetoken=\"\" data-epcolumns=\"3\" data-showtitle=\"1\" data-showpaging=\"0\" data-autonext=\"0\" data-thumbplay=\"1\"><div class=\"epyt-arrow\">&laquo;<\/div> <div>Prev<\/div><\/div><div class=\"epyt-pagenumbers \"><div class=\"epyt-current\">1<\/div><div class=\"epyt-pageseparator\"> \/ <\/div><div class=\"epyt-totalpages\">434<\/div><\/div><div tabindex=\"0\" role=\"button\" class=\"epyt-pagebutton epyt-next\" data-playlistid=\"UUDfFwFujocLQRjzG8jJY65g\" data-pagesize=\"3\" data-pagetoken=\"EAAaHlBUOkNBTWlFRVpHUlRBeU56VTNRamMwTkRjNU16VQ\" data-epcolumns=\"3\" data-showtitle=\"1\" data-showpaging=\"0\" data-autonext=\"0\" data-thumbplay=\"1\"><div>Next<\/div> <div class=\"epyt-arrow\">&raquo;<\/div><\/div><div class=\"epyt-loader\"><img loading=\"lazy\" decoding=\"async\" alt=\"loading\" width=\"16\" height=\"11\" src=\"https:\/\/agendaparaguay.com\/v2\/wp-content\/plugins\/youtube-embed-plus\/images\/gallery-page-loader.gif\"><\/div><\/div><\/div><\/div>\r\n<h4>Legislativo<\/h4>\r\n\r\n\r\n<div class=\"pt-cv-wrapper\"><div class=\"pt-cv-view pt-cv-grid pt-cv-colsys\" id=\"pt-cv-view-1da175ez5o\"><div data-id=\"pt-cv-page-1\" class=\"pt-cv-page\" data-cvc=\"1\"><div class=\"col-md-12 col-sm-3 col-xs-12 pt-cv-content-item pt-cv-2-col\" ><div class='pt-cv-ifield'><a href=\"https:\/\/agendaparaguay.com\/v2\/2026\/04\/01\/embajador-de-china-taiwan-visita-a-titular-de-comision-de-amistad-en-diputados\/\" class=\"_self pt-cv-href-thumbnail pt-cv-thumb-left\" target=\"_self\" ><img loading=\"lazy\" decoding=\"async\" width=\"300\" height=\"198\" src=\"https:\/\/agendaparaguay.com\/v2\/wp-content\/uploads\/2026\/04\/dip_gamarra_embajador_taiwan-300x198.jpg\" class=\"pt-cv-thumbnail pull-left\" alt=\"\" srcset=\"https:\/\/agendaparaguay.com\/v2\/wp-content\/uploads\/2026\/04\/dip_gamarra_embajador_taiwan-300x198.jpg 300w, https:\/\/agendaparaguay.com\/v2\/wp-content\/uploads\/2026\/04\/dip_gamarra_embajador_taiwan-768x506.jpg 768w, https:\/\/agendaparaguay.com\/v2\/wp-content\/uploads\/2026\/04\/dip_gamarra_embajador_taiwan.jpg 850w\" sizes=\"(max-width: 300px) 100vw, 300px\" \/><\/a>\n<h4 class=\"pt-cv-title\"><a href=\"https:\/\/agendaparaguay.com\/v2\/2026\/04\/01\/embajador-de-china-taiwan-visita-a-titular-de-comision-de-amistad-en-diputados\/\" class=\"_self\" target=\"_self\" >Embajador de China Taiwan visita a titular de comisi\u00f3n de amistad en Diputados<\/a><\/h4>\n<div class=\"pt-cv-content\">El presidente de la Comisi\u00f3n Parlamentaria de Amistad Paraguay-Rep\u00fablica de China (Taiw\u00e1n), diputado Rodrigo Gamarra recibi\u00f3 la visita protocolar del nuevo embajador del pa\u00eds asi\u00e1tico en Paraguay, Iv\u00e1n Lee, quien present\u00f3 oficialmente sus saludos ante la instancia legislativa ...<br \/><div class=\"pt-cv-rmwrap\"><a href=\"https:\/\/agendaparaguay.com\/v2\/2026\/04\/01\/embajador-de-china-taiwan-visita-a-titular-de-comision-de-amistad-en-diputados\/\" class=\"_self pt-cv-readmore btn btn-success\" target=\"_self\">Leer M\u00e1s<\/a><\/div><\/div><\/div><\/div>\n<div class=\"col-md-12 col-sm-3 col-xs-12 pt-cv-content-item pt-cv-2-col\" ><div class='pt-cv-ifield'><a href=\"https:\/\/agendaparaguay.com\/v2\/2026\/04\/01\/ips-requiere-reforma-estructural-profunda-segun-latorre\/\" class=\"_self pt-cv-href-thumbnail pt-cv-thumb-left\" target=\"_self\" ><img loading=\"lazy\" decoding=\"async\" width=\"300\" height=\"169\" src=\"https:\/\/agendaparaguay.com\/v2\/wp-content\/uploads\/2024\/02\/ips_fachada-300x169.jpg\" class=\"pt-cv-thumbnail pull-left\" alt=\"\" srcset=\"https:\/\/agendaparaguay.com\/v2\/wp-content\/uploads\/2024\/02\/ips_fachada-300x169.jpg 300w, https:\/\/agendaparaguay.com\/v2\/wp-content\/uploads\/2024\/02\/ips_fachada-768x432.jpg 768w, https:\/\/agendaparaguay.com\/v2\/wp-content\/uploads\/2024\/02\/ips_fachada.jpg 800w\" sizes=\"(max-width: 300px) 100vw, 300px\" \/><\/a>\n<h4 class=\"pt-cv-title\"><a href=\"https:\/\/agendaparaguay.com\/v2\/2026\/04\/01\/ips-requiere-reforma-estructural-profunda-segun-latorre\/\" class=\"_self\" target=\"_self\" >\u00abIPS requiere reforma estructural profunda\u00bb, seg\u00fan Latorre<\/a><\/h4>\n<div class=\"pt-cv-content\">El presidente de Diputados, Ra\u00fal Latorre se refiri\u00f3 a la situaci\u00f3n del Instituto de Previsi\u00f3n Social (IPS), y resalt\u00f3 que la instituci\u00f3n requiere una \"reforma estructural profunda\". Indic\u00f3 que el sistema se encuentra sobrepasado tanto en recursos humanos como en infraestructura ...<br \/><div class=\"pt-cv-rmwrap\"><a href=\"https:\/\/agendaparaguay.com\/v2\/2026\/04\/01\/ips-requiere-reforma-estructural-profunda-segun-latorre\/\" class=\"_self pt-cv-readmore btn btn-success\" target=\"_self\">Leer M\u00e1s<\/a><\/div><\/div><\/div><\/div>\n<div class=\"col-md-12 col-sm-3 col-xs-12 pt-cv-content-item pt-cv-2-col\" ><div class='pt-cv-ifield'><a href=\"https:\/\/agendaparaguay.com\/v2\/2026\/03\/30\/expulsan-a-chaquenito-vera-del-senado-por-perdida-de-investidura-y-convocan-a-su-reemplazo\/\" class=\"_self pt-cv-href-thumbnail pt-cv-thumb-left\" target=\"_self\" ><img loading=\"lazy\" decoding=\"async\" width=\"300\" height=\"179\" src=\"https:\/\/agendaparaguay.com\/v2\/wp-content\/uploads\/2024\/06\/javier_chaquenito_vera-300x179.jpg\" class=\"pt-cv-thumbnail pull-left\" alt=\"\" srcset=\"https:\/\/agendaparaguay.com\/v2\/wp-content\/uploads\/2024\/06\/javier_chaquenito_vera-300x179.jpg 300w, https:\/\/agendaparaguay.com\/v2\/wp-content\/uploads\/2024\/06\/javier_chaquenito_vera-768x459.jpg 768w, https:\/\/agendaparaguay.com\/v2\/wp-content\/uploads\/2024\/06\/javier_chaquenito_vera.jpg 797w\" sizes=\"(max-width: 300px) 100vw, 300px\" \/><\/a>\n<h4 class=\"pt-cv-title\"><a href=\"https:\/\/agendaparaguay.com\/v2\/2026\/03\/30\/expulsan-a-chaquenito-vera-del-senado-por-perdida-de-investidura-y-convocan-a-su-reemplazo\/\" class=\"_self\" target=\"_self\" >Expulsan a Chaque\u00f1ito Vera del Senado por p\u00e9rdida de investidura y convocan a su reemplazo<\/a><\/h4>\n<div class=\"pt-cv-content\">El Senado resolvi\u00f3 este lunes en sesi\u00f3n extraordinaria la expulsi\u00f3n del legislador Javier Chaque\u00f1ito Vera mediante la figura de p\u00e9rdida de investidura, tras una sesi\u00f3n en la que se reunieron 36 votos a favor, alcanzando la unanimidad de los presentes ...<br \/><div class=\"pt-cv-rmwrap\"><a href=\"https:\/\/agendaparaguay.com\/v2\/2026\/03\/30\/expulsan-a-chaquenito-vera-del-senado-por-perdida-de-investidura-y-convocan-a-su-reemplazo\/\" class=\"_self pt-cv-readmore btn btn-success\" target=\"_self\">Leer M\u00e1s<\/a><\/div><\/div><\/div><\/div>\n<div class=\"col-md-12 col-sm-3 col-xs-12 pt-cv-content-item pt-cv-2-col\" ><div class='pt-cv-ifield'><a href=\"https:\/\/agendaparaguay.com\/v2\/2026\/03\/30\/rechazan-pedido-permiso-de-chaquenito-y-anuncian-aprobacion-de-perdida-de-investidura\/\" class=\"_self pt-cv-href-thumbnail pt-cv-thumb-left\" target=\"_self\" ><img loading=\"lazy\" decoding=\"async\" width=\"300\" height=\"170\" src=\"https:\/\/agendaparaguay.com\/v2\/wp-content\/uploads\/2025\/11\/bachi_nuevo-300x170.jpg\" class=\"pt-cv-thumbnail pull-left\" alt=\"\" srcset=\"https:\/\/agendaparaguay.com\/v2\/wp-content\/uploads\/2025\/11\/bachi_nuevo-300x170.jpg 300w, https:\/\/agendaparaguay.com\/v2\/wp-content\/uploads\/2025\/11\/bachi_nuevo-1024x579.jpg 1024w, https:\/\/agendaparaguay.com\/v2\/wp-content\/uploads\/2025\/11\/bachi_nuevo-768x434.jpg 768w, https:\/\/agendaparaguay.com\/v2\/wp-content\/uploads\/2025\/11\/bachi_nuevo.jpg 1080w\" sizes=\"(max-width: 300px) 100vw, 300px\" \/><\/a>\n<h4 class=\"pt-cv-title\"><a href=\"https:\/\/agendaparaguay.com\/v2\/2026\/03\/30\/rechazan-pedido-permiso-de-chaquenito-y-anuncian-aprobacion-de-perdida-de-investidura\/\" class=\"_self\" target=\"_self\" >Rechazan pedido permiso de Chaque\u00f1ito y anuncian aprobaci\u00f3n de p\u00e9rdida de investidura<\/a><\/h4>\n<div class=\"pt-cv-content\">El pleno de la c\u00e1mara de Senadores por unanimidad con 29 votos de los presentes rechaz\u00f3 el pedido de permiso del senador Javier \"Chaque\u00f1ito\" Vera ...<br \/><div class=\"pt-cv-rmwrap\"><a href=\"https:\/\/agendaparaguay.com\/v2\/2026\/03\/30\/rechazan-pedido-permiso-de-chaquenito-y-anuncian-aprobacion-de-perdida-de-investidura\/\" class=\"_self pt-cv-readmore btn btn-success\" target=\"_self\">Leer M\u00e1s<\/a><\/div><\/div><\/div><\/div><\/div><\/div><\/div>\n\r\n\r\n<hr class=\"wp-block-separator\" \/>\r\n\r\n\r\n<h4 class=\"wp-block-heading\">Mundo<\/h4>\r\n\r\n\r\n<div class=\"pt-cv-wrapper\"><div class=\"pt-cv-view pt-cv-grid pt-cv-colsys\" id=\"pt-cv-view-e9f76b8yht\"><div data-id=\"pt-cv-page-1\" class=\"pt-cv-page\" data-cvc=\"1\"><div class=\"col-md-12 col-sm-3 col-xs-12 pt-cv-content-item pt-cv-2-col\" ><div class='pt-cv-ifield'><a href=\"https:\/\/agendaparaguay.com\/v2\/2026\/03\/22\/el-papa-leon-xiv-dijo-que-la-violencia-en-medio-oriente-es-un-escandalo-para-la-humanidad\/\" class=\"_self pt-cv-href-thumbnail pt-cv-thumb-left\" target=\"_self\" ><img loading=\"lazy\" decoding=\"async\" width=\"300\" height=\"152\" src=\"https:\/\/agendaparaguay.com\/v2\/wp-content\/uploads\/2025\/05\/papa_leon_14_misa-300x152.png\" class=\"pt-cv-thumbnail pull-left\" alt=\"\" srcset=\"https:\/\/agendaparaguay.com\/v2\/wp-content\/uploads\/2025\/05\/papa_leon_14_misa-300x152.png 300w, https:\/\/agendaparaguay.com\/v2\/wp-content\/uploads\/2025\/05\/papa_leon_14_misa-768x388.png 768w, https:\/\/agendaparaguay.com\/v2\/wp-content\/uploads\/2025\/05\/papa_leon_14_misa.png 800w\" sizes=\"(max-width: 300px) 100vw, 300px\" \/><\/a>\n<h4 class=\"pt-cv-title\"><a href=\"https:\/\/agendaparaguay.com\/v2\/2026\/03\/22\/el-papa-leon-xiv-dijo-que-la-violencia-en-medio-oriente-es-un-escandalo-para-la-humanidad\/\" class=\"_self\" target=\"_self\" >El papa Le\u00f3n XIV dijo que la violencia en Medio Oriente es \u201cun esc\u00e1ndalo para la humanidad\u201d<\/a><\/h4>\n<div class=\"pt-cv-content\">El papa Le\u00f3n XIV sostuvo que el dolor provocado por las guerras en Oriente Medio y en otras regiones del mundo es \u201cun esc\u00e1ndalo para la humanidad\u201d y un agravio a Dios ...<br \/><div class=\"pt-cv-rmwrap\"><a href=\"https:\/\/agendaparaguay.com\/v2\/2026\/03\/22\/el-papa-leon-xiv-dijo-que-la-violencia-en-medio-oriente-es-un-escandalo-para-la-humanidad\/\" class=\"_self pt-cv-readmore btn btn-success\" target=\"_self\">Leer M\u00e1s<\/a><\/div><\/div><\/div><\/div>\n<div class=\"col-md-12 col-sm-3 col-xs-12 pt-cv-content-item pt-cv-2-col\" ><div class='pt-cv-ifield'><a href=\"https:\/\/agendaparaguay.com\/v2\/2026\/03\/19\/el-precio-del-petroleo-volvio-a-subir-y-el-barril-cruzo-los-usd-110-dolares-tras-los-nuevos-ataques-en-medio-oriente\/\" class=\"_self pt-cv-href-thumbnail pt-cv-thumb-left\" target=\"_self\" ><img loading=\"lazy\" decoding=\"async\" width=\"300\" height=\"169\" src=\"https:\/\/agendaparaguay.com\/v2\/wp-content\/uploads\/2026\/03\/crudo_combustible-300x169.png\" class=\"pt-cv-thumbnail pull-left\" alt=\"\" srcset=\"https:\/\/agendaparaguay.com\/v2\/wp-content\/uploads\/2026\/03\/crudo_combustible-300x169.png 300w, https:\/\/agendaparaguay.com\/v2\/wp-content\/uploads\/2026\/03\/crudo_combustible-768x432.png 768w, https:\/\/agendaparaguay.com\/v2\/wp-content\/uploads\/2026\/03\/crudo_combustible.png 800w\" sizes=\"(max-width: 300px) 100vw, 300px\" \/><\/a>\n<h4 class=\"pt-cv-title\"><a href=\"https:\/\/agendaparaguay.com\/v2\/2026\/03\/19\/el-precio-del-petroleo-volvio-a-subir-y-el-barril-cruzo-los-usd-110-dolares-tras-los-nuevos-ataques-en-medio-oriente\/\" class=\"_self\" target=\"_self\" >El precio del petr\u00f3leo volvi\u00f3 a subir y el barril cruz\u00f3 los USD 110 d\u00f3lares tras los nuevos ataques en Medio Oriente<\/a><\/h4>\n<div class=\"pt-cv-content\">Los precios del petr\u00f3leo registraron un fuerte aumento, con el barril de Brent en la zona de los USD 112 d\u00f3lares, despu\u00e9s de que Ir\u00e1n ejecutara ataques contra diversas instalaciones energ\u00e9ticas en Oriente Medio como represalia por la ofensiva previa al yacimiento de gas South Pars. Ese ataque intensific\u00f3 el ...<br \/><div class=\"pt-cv-rmwrap\"><a href=\"https:\/\/agendaparaguay.com\/v2\/2026\/03\/19\/el-precio-del-petroleo-volvio-a-subir-y-el-barril-cruzo-los-usd-110-dolares-tras-los-nuevos-ataques-en-medio-oriente\/\" class=\"_self pt-cv-readmore btn btn-success\" target=\"_self\">Leer M\u00e1s<\/a><\/div><\/div><\/div><\/div>\n<div class=\"col-md-12 col-sm-3 col-xs-12 pt-cv-content-item pt-cv-2-col\" ><div class='pt-cv-ifield'><a href=\"https:\/\/agendaparaguay.com\/v2\/2026\/03\/13\/detienen-a-sebastian-marset-en-bolivia\/\" class=\"_self pt-cv-href-thumbnail pt-cv-thumb-left\" target=\"_self\" ><img loading=\"lazy\" decoding=\"async\" width=\"300\" height=\"173\" src=\"https:\/\/agendaparaguay.com\/v2\/wp-content\/uploads\/2023\/08\/sebastian_marset_bolivia-300x173.jpg\" class=\"pt-cv-thumbnail pull-left\" alt=\"\" srcset=\"https:\/\/agendaparaguay.com\/v2\/wp-content\/uploads\/2023\/08\/sebastian_marset_bolivia-300x173.jpg 300w, https:\/\/agendaparaguay.com\/v2\/wp-content\/uploads\/2023\/08\/sebastian_marset_bolivia-768x442.jpg 768w, https:\/\/agendaparaguay.com\/v2\/wp-content\/uploads\/2023\/08\/sebastian_marset_bolivia.jpg 797w\" sizes=\"(max-width: 300px) 100vw, 300px\" \/><\/a>\n<h4 class=\"pt-cv-title\"><a href=\"https:\/\/agendaparaguay.com\/v2\/2026\/03\/13\/detienen-a-sebastian-marset-en-bolivia\/\" class=\"_self\" target=\"_self\" >Detienen a Sebasti\u00e1n Marset en Bolivia<\/a><\/h4>\n<div class=\"pt-cv-content\">La Polic\u00eda boliviana detuvo este martes al narcotraficante uruguayo Sebasti\u00e1n Marset durante un operativo realizado en el barrio Las Palmas de Santa Cruz de la Sierra. La captura se llev\u00f3 a cabo a las 2:30 de la ma\u00f1ana por agentes de la Fuerza Especial Contra el Narcotr\u00e1fico y la Unidad ...<br \/><div class=\"pt-cv-rmwrap\"><a href=\"https:\/\/agendaparaguay.com\/v2\/2026\/03\/13\/detienen-a-sebastian-marset-en-bolivia\/\" class=\"_self pt-cv-readmore btn btn-success\" target=\"_self\">Leer M\u00e1s<\/a><\/div><\/div><\/div><\/div>\n<div class=\"col-md-12 col-sm-3 col-xs-12 pt-cv-content-item pt-cv-2-col\" ><div class='pt-cv-ifield'><a href=\"https:\/\/agendaparaguay.com\/v2\/2026\/03\/01\/al-menos-nueve-muertos-en-israel-tras-la-ultima-oleada-de-misiles-lanzados-desde-iran\/\" class=\"_self pt-cv-href-thumbnail pt-cv-thumb-left\" target=\"_self\" ><img loading=\"lazy\" decoding=\"async\" width=\"300\" height=\"169\" src=\"https:\/\/agendaparaguay.com\/v2\/wp-content\/uploads\/2026\/03\/guerra_iran_misiles-300x169.jpeg\" class=\"pt-cv-thumbnail pull-left\" alt=\"\" srcset=\"https:\/\/agendaparaguay.com\/v2\/wp-content\/uploads\/2026\/03\/guerra_iran_misiles-300x169.jpeg 300w, https:\/\/agendaparaguay.com\/v2\/wp-content\/uploads\/2026\/03\/guerra_iran_misiles.jpeg 750w\" sizes=\"(max-width: 300px) 100vw, 300px\" \/><\/a>\n<h4 class=\"pt-cv-title\"><a href=\"https:\/\/agendaparaguay.com\/v2\/2026\/03\/01\/al-menos-nueve-muertos-en-israel-tras-la-ultima-oleada-de-misiles-lanzados-desde-iran\/\" class=\"_self\" target=\"_self\" >Al menos nueve muertos en Israel tras la \u00faltima oleada de misiles lanzados desde Ir\u00e1n<\/a><\/h4>\n<div class=\"pt-cv-content\">El r\u00e9gimen persa, que prometi\u00f3 la ofensiva \u201cm\u00e1s feroz de la historia\u201d tras la muerte de Ali Khamenei, dispar\u00f3 cientos de proyectiles hacia varios puntos del pa\u00eds ...<br \/><div class=\"pt-cv-rmwrap\"><a href=\"https:\/\/agendaparaguay.com\/v2\/2026\/03\/01\/al-menos-nueve-muertos-en-israel-tras-la-ultima-oleada-de-misiles-lanzados-desde-iran\/\" class=\"_self pt-cv-readmore btn btn-success\" target=\"_self\">Leer M\u00e1s<\/a><\/div><\/div><\/div><\/div><\/div><\/div><\/div>\n","protected":false},"excerpt":{"rendered":"<p>Agenda Paraguay TV Legislativo Mundo<\/p>\n","protected":false},"author":1,"featured_media":0,"parent":0,"menu_order":0,"comment_status":"closed","ping_status":"closed","template":"","meta":{"sfsi_plus_gutenberg_text_before_share":"","sfsi_plus_gutenberg_show_text_before_share":"","sfsi_plus_gutenberg_icon_type":"","sfsi_plus_gutenberg_icon_alignemt":"","sfsi_plus_gutenburg_max_per_row":"","footnotes":""},"jetpack_sharing_enabled":true,"_links":{"self":[{"href":"https:\/\/agendaparaguay.com\/v2\/wp-json\/wp\/v2\/pages\/3377"}],"collection":[{"href":"https:\/\/agendaparaguay.com\/v2\/wp-json\/wp\/v2\/pages"}],"about":[{"href":"https:\/\/agendaparaguay.com\/v2\/wp-json\/wp\/v2\/types\/page"}],"author":[{"embeddable":true,"href":"https:\/\/agendaparaguay.com\/v2\/wp-json\/wp\/v2\/users\/1"}],"replies":[{"embeddable":true,"href":"https:\/\/agendaparaguay.com\/v2\/wp-json\/wp\/v2\/comments?post=3377"}],"version-history":[{"count":178,"href":"https:\/\/agendaparaguay.com\/v2\/wp-json\/wp\/v2\/pages\/3377\/revisions"}],"predecessor-version":[{"id":55693,"href":"https:\/\/agendaparaguay.com\/v2\/wp-json\/wp\/v2\/pages\/3377\/revisions\/55693"}],"wp:attachment":[{"href":"https:\/\/agendaparaguay.com\/v2\/wp-json\/wp\/v2\/media?parent=3377"}],"curies":[{"name":"wp","href":"https:\/\/api.w.org\/{rel}","templated":true}]}}